.
14
Let h(y) = y**3 - 17*y**2 + y + 18. What is h(17)?
35
Let r(o) = -o - 22. What is r(-9)?
-13
Let c(f) = 2*f**3 + 25*f**2 - 11*f + 21. Give c(-13).
-5
Let h(u) = u**3 - 9*u**2 + 16*u - 13. What is h(6)?
-25
Let i(k) = -4*k + 11. What is i(3)?
-1
Let c(i) = -35*i + 185. What is c(6)?
-25
Let j(c) = c**2 - 29*c + 17. Calculate j(28).
-11
Let f(z) = -z + 12. What is f(9)?
3
Let p(u) = 2*u**3 + 17*u**2 + 5*u - 15. What is p(-8)?
9
Let x(q) = 5*q - 2. Give x(0).
-2
Let r(o) = 4*o - 20. What is r(4)?
-4
Let v(u) = -u - 74. Give v(0).
-74
Let h(p) = -p**2 - 13*p + 92. Determine h(5).
2
Let o(f) = 15*f + 2. What is o(-5)?
-73
Let z(x) = -2*x**2 - 6*x + 15. What is z(6)?
-93
Let o(t) = 8*t + 4. Determine o(4).
36
Let k(o) = -o**2 + 15*o + 175. What is k(-8)?
-9
Let f(x) = 62*x - 1670. What is f(27)?
4
Let x(j) = j + 2. Give x(-7).
-5
Let z(b) = b**3 + 26*b**2 + 25*b. What is z(-25)?
0
Let r(q) = 16*q**3 + 2*q**2 + 2*q + 1. Determine r(-1).
-15
Let v(i) = 4*i**2 - 8*i - 15. What is v(-6)?
177
Let q(d) = 13*d**3 - d**2. Give q(-1).
-14
Let r(i) = -2*i + 1. What is r(-4)?
9
Let v(d) = -d**3 + 8*d**2 + 20*d - 6. Give v(10).
-6
Let o(t) = -t**3 + t**2 + 13*t - 13. Give o(4).
-9
Let s(v) = v**2 - 5*v - 6. Determine s(5).
-6
Let y(b) = b**3 + 7*b**2 - 3*b + 5. Calculate y(-8).
-35
Let c(w) = -w + 30. Determine c(22).
8
Let t(v) = -v + 15. Give t(-5).
20
Let t(b) = 3*b + 23. Give t(-3).
14
Let s(i) = -i**3 + 2*i**2 - 18. Give s(0).
-18
Let w(c) = 4*c + 35. Give w(-18).
-37
Let w(k) = k**3 + 4*k**2 - 2*k. Give w(-3).
15
Let v(w) = 44*w**2 - w + 1. Determine v(1).
44
Let o(p) = -p**3 - p**2 + 6*p - 5. Determine o(-4).
19
Let g(k) = -28*k - 319. What is g(-11)?
-11
Let a(l) = l**2 + 6*l. What is a(-3)?
-9
Let h(p) = p**3 + 4*p**2 - 4. Determine h(-4).
-4
Let j(c) = 6*c - 9. Calculate j(7).
33
Let t(i) = -3*i + 10. Give t(-6).
28
Let j(t) = -t**2 + 4*t + 143. Determine j(-10).
3
Let t(o) = -o**3 + 5*o**2 + 10*o + 2. Give t(7).
-26
Let u(l) = -l**2 - 78*l + 508. Give u(6).
4
Let z(l) = -l**3 - 29*l**2 + 8*l + 235. Calculate z(-29).
3
Let t(h) = 6*h**2 - 38*h + 3. Calculate t(5).
-37
Let z(n) = -n - 10. Determine z(-12).
2
Let g(p) = -6*p**2 + 5*p - 4. Give g(1).
-5
Let t(d) = -d**2 + 12*d - 17. Calculate t(11).
-6
Let w(c) = 4*c - 11. Give w(4).
5
Let g(h) = -h**2 - 12*h - 11. Determine g(-11).
0
Let n(u) = 2*u**3 - 9*u**2 + 4*u + 4. Give n(4).
4
Let p(h) = h**3 + 48*h**2 + 47*h - 18. Give p(-47).
-18
Let s(h) = h**2 + 21*h - 232. Calculate s(8).
0
Let o(h) = h**3 + 10*h**2 - 17*h + 41. Determine o(-12).
-43
Let u(k) = -k - 3. Give u(4).
-7
Let x(z) = -z**3 + 16*z**2 + 31*z + 69. Determine x(18).
-21
Let t(u) = 3*u**2 - u - 4. What is t(-3)?
26
Let h(a) = -a**3 + 6*a**2 + 5*a + 12. Calculate h(7).
-2
Let m(n) = 9*n - 1. What is m(3)?
26
Let l(r) = 44*r + 256. Calculate l(-6).
-8
Let q(a) = -a**3 + 8*a**2 + 11*a - 7. Calculate q(9).
11
Let s(f) = 2*f**3 + 149*f**2 - 227*f + 78. Determine s(-76).
2
Let a(k) = -k**3 - 8*k**2 + 13*k + 39. What is a(-9)?
3
Let r(n) = -6*n**2 - 2*n. Determine r(-1).
-4
Let w(f) = 10*f. Calculate w(-5).
-50
Let m(q) = 3*q - 22. Determine m(4).
-10
Let a(h) = -2*h**3 - 6*h**2 + 19*h + 64. Determine a(-3).
7
Let a(d) = d**2 - 3*d - 14. What is a(-5)?
26
Let k(a) = a + 13. Determine k(-5).
8
Let c(f) = -f**3 + 5*f**2 + 9*f - 6. Give c(6).
12
Let t(s) = s**2 + s - 3. Give t(-1).
-3
Let l(z) = 35*z + 9. Give l(-1).
-26
Let h(v) = 2*v + 4. Calculate h(-6).
-8
Let q(b) = -8*b + 8. What is q(-4)?
40
Let z(l) = l**2 + 5*l - 4. Calculate z(-8).
20
Let h(v) = -v**2 - 28*v - 67. Calculate h(-25).
8
Let r(y) = 3*y - 2. Calculate r(12).
34
Let m(c) = 35*c + 1. Determine m(-1).
-34
Let b(p) = p**3 - 6*p**2 - 2*p + 13. Calculate b(6).
1
Let j(y) = -4*y - 27. Give j(-7).
1
Let u(p) = 10*p**2 - 3*p - 3. What is u(-1)?
10
Let v(q) = q**2 + 17*q - 8. Determine v(-13).
-60
Let m(g) = -g**2 + 6*g - 15. What is m(6)?
-15
Let l(p) = -2*p**2 - 32*p - 44. What is l(-13)?
34
Let n(l) = -4*l - 15. Calculate n(-9).
21
Let d(k) = -k**3 + 14*k**2 + 2*k - 28. Give d(14).
0
Let j(m) = -2*m**3 + 18*m**2 + 4*m - 40. Calculate j(9).
-4
Let b(t) = -t**3 + 6*t**2 + 2*t - 6. Determine b(6).
6
Let w(g) = 2*g**3 + 6*g**2 - 2. Determine w(-4).
-34
Let y(p) = p**3 + 4*p**2 - 4*p + 5. Give y(-5).
0
Let r(z) = -27*z - 2. Calculate r(-1).
25
Let d(j) = -32*j + 301. Determine d(8).
45
Let j(l) = 46*l - 68. Determine j(4).
116
Let i(p) = p**2 + 6*p + 16. Give i(-4).
8
Let b(p) = p**2 - 41*p + 28. Calculate b(40).
-12
Let g(n) = -3*n**2 + 11*n - 10. Calculate g(4).
-14
Let c(f) = 9*f - 67. Give c(6).
-13
Let h(x) = 19*x + 2. What is h(-1)?
-17
Let h(m) = -m**3 - 16*m**2 + 17*m - 5. What is h(-17)?
-5
Let r(p) = 8*p - 7. Calculate r(14).
105
Let s(c) = -3*c**2 - 4*c - 4. Determine s(-3).
-19
Let d(w) = -w**2 + 10*w + 19. Calculate d(8).
35
Let g(b) = b**2 + 16*b + 67. Calculate g(-4).
19
Let q(a) = 11*a - 6. Determine q(-4).
-50
Let q(k) = -15*k**3 + 3*k**2 - 5*k + 3. Calculate q(1).
-14
Let r(h) = 165*h + 1154. What is r(-7)?
-1
Let j(d) = 2*d**3 - 49*d**2 - 28*d + 79. Determine j(25).
4
Let u(l) = l**3 - 14*l**2 + 12*l - 2. Give u(13).
-15
Let n(v) = 3*v + 3. Determine n(1).
6
Let v(h) = 2*h - 1. Determine v(4).
7
Let c(x) = -x - 1. Determine c(6).
-7
Let i(s) = 5*s + 1. What is i(-1)?
-4
Let f(v) = v**3 - 10*v**2 - 9*v - 14. What is f(11)?
8
Let n(u) = u**3 - 9*u. Determine n(-3).
0
Let g(v) = -7*v - 7. Determine g(-6).
35
Let v(j) = -4*j - 3. Calculate v(-1).
1
Let l(f) = f**2 - 23*f + 39. Calculate l(21).
-3
Let u(s) = -7*s + 105. Give u(14).
7
Let i(n) = -n**3 + 5*n**2 + 2*n + 9. What is i(6)?
-15
Let x(v) = v**3 - 4*v**2 - 6*v + 5. Calculate x(5).
0
Let c(t) = t - 3. Determine c(-3).
-6
Let d(v) = v**3 - 21*v**2 + 12*v + 157. Calculate d(20).
-3
Let h(u) = -u**3 - 4*u**2 - 2*u + 3. Determine h(-3).
0
Let y(l) = -l**3 + l**2 + l - 23. What is y(0)?
-23
Let d(r) = r**2 - 4*r + 5. What is d(8)?
37
Let f(p) = 92*p - 634. Calculate f(7).
10
Let p(w) = w**2 - 2*w - 1. What is p(-3)?
14
Let p(v) = -2*v + 25. Determine p(-5).
35
Let u(h) = -h**2 - 3*h + 2. What is u(-3)?
2
Let v(g) = g**3 - 7*g**2 + 6*g - 1. What is v(6)?
-1
Let r(y) = -y**2 + 10*y - 1. Determine r(9).
8
Let c(s) = 3*s**3 - 3*s**2 - 7*s - 4. Calculate c(-2).
-26
Let q(l) = 26*l**3 + l**2 + 5*l + 3. Calculate q(-1).
-27
Let b(t) = t**3 - 8*t**2 + 4*t - 6. Calculate b(8).
26
Let w(t) = -6*t**3 + 3*t**2 - 26*t - 28. Give w(-1).
7
Let q(x) = 3*x**2 + 14*x + 21. Determine q(-3).
6
Let f(j) = -j**3 + 13*j**2 + 15*j - 14. What is f(14)?
0
Let j(s) = -s. Give j(8).
-8
Let f(l) = l**3 - 2*l + 2. Calculate f(-4).
-54
Let h(b) = -b**3 + 6*b**2 - 2*b + 6. What is h(6)?
-6
Let q(a) = a - 30. Give q(-19).
-49
Let r(m) = -12*m**2 + 3*m - 2. What is r(1)?
-11
Let o(i) = -2*i**3 + 21*i**2 - 9*i - 12. Calculate o(10).
-2
Let v(h) = 4*h**2 + 4*h + 6. Calculate v(-3).
30
Let d(l) = -l**2 - 18*l - 66. Give d(-15).
-21
Let k(v) = -v**3 - 6*v**2 + 7*v - 12. Determine k(-7).
-12
Let j(c) = 18*c - 37. Determine j(8).
107
Let s(o) = 2*o**3 + 56*o**2 + o + 23. Give s(-28).
-5
Let z(k) = -8*k**2 + 286*k + 76. Determine z(36).
4
Let s(d) = -19*d - 6. Determine s(-2).
32
Let g(n) = n**2 + 5*n - 8. Determine g(-7).
6
Let y(s) = -6*s - 7. What is y(-2)?
5
Let s(r) = -3*r**3 + 3*r**2 + 3*r + 1. What is s(-1)?
4
Let y(l) = l**3 - 6*l**2 + 5*l + 4. Calculate y(4).
-8
Let c(p) = -p**3 - 12*p**2 + 10*p - 37. Determine c(-13).
2
Let s(y) = y**3 + 8*y**2 - 12*y - 12. What is s(-9)?
15
Let g(j) = j**2 + 4*j - 11. Determine g(4).
21
Let q(c) = c**3 - 7*c - 5. Determine q(4).
31
Let w(t) = t**3 + 8*t**2 + t + 5. What is w(-8)?
-3
Let o(x) = -x + 16. Determine o(15).
1
Let k(v) = 3*v + 22. What is k(-10)?
-8
Let s(x) = -3*x**2 + 26*x - 19. Calculate s(8).
-3
Let l(w) = 3*w**2 + 24*w - 3. Determine l(-8).
-3
Let f(n) = n**3 + 5*n**2 + 4. What is f(-5)?
4
Let n(k) = -k**2 - 17*k + 8. Calculate n(-13).
60
Let n(q) = -5*q**2 - q + 1. Give n(-1).
-3
Let b(s) = -s**3 + 4*s**2 + 21*s - 3. Calculate b(7).
-3
Let x(f) = -18*f - 1. What is x(0)?
-1
Let q(n) = -n**2 + n + 76. Determine q(-9).
-14
Let n(j) = j**2 + 95*j - 198. Calculate n(2).
-4
Let x(n) = 5*n**2 + 23*n - 7. What is x(-5)?
3
Let v(r) = r**2 - 8*r - 6. Calculate v(7).
-13
Let f(y) = 2*y**3 - 30*y**2 +